{"id":5065,"date":"2025-10-06T17:31:23","date_gmt":"2025-10-06T17:31:23","guid":{"rendered":"https:\/\/www.malagahockey1991.es\/?page_id=5065"},"modified":"2025-10-06T18:29:35","modified_gmt":"2025-10-06T18:29:35","slug":"programa-proteccion-al-menor","status":"publish","type":"page","link":"https:\/\/www.malagahockey1991.es\/?page_id=5065","title":{"rendered":"Programa protecci\u00f3n al menor"},"content":{"rendered":"\t\t<div data-elementor-type=\"wp-page\" data-elementor-id=\"5065\" class=\"elementor elementor-5065\">\n\t\t\t\t<div class=\"elementor-element elementor-element-07911a7 e-flex e-con-boxed e-con e-parent\" data-id=\"07911a7\" data-element_type=\"container\">\n\t\t\t\t\t<div class=\"e-con-inner\">\n\t\t\t\t<div class=\"elementor-element elementor-element-5ba40ea sc_fly_static elementor-widget elementor-widget-heading\" data-id=\"5ba40ea\" data-element_type=\"widget\" data-widget_type=\"heading.default\">\n\t\t\t\t<div class=\"elementor-widget-container\">\n\t\t\t\t\t<h2 class=\"elementor-heading-title elementor-size-default\">Programa Protecci\u00f3n al Menor<\/h2>\t\t\t\t<\/div>\n\t\t\t\t<\/div>\n\t\t\t\t\t<\/div>\n\t\t\t\t<\/div>\n\t\t<div class=\"elementor-element elementor-element-fb84b1c e-flex e-con-boxed e-con e-parent\" data-id=\"fb84b1c\" data-element_type=\"container\">\n\t\t\t\t\t<div class=\"e-con-inner\">\n\t\t\t\t<div class=\"elementor-element elementor-element-7ffd716 sc_fly_static elementor-widget elementor-widget-text-editor\" data-id=\"7ffd716\" data-element_type=\"widget\" data-widget_type=\"text-editor.default\">\n\t\t\t\t<div class=\"elementor-widget-container\">\n\t\t\t\t\t\t\t\t\t<p>Siguiendo la aplicaci\u00f3n de la <strong>L.O. 8\/2021, de 4 de Junio<\/strong>, de <strong>protecci\u00f3n integral a la infancia y la adolescencia frente a la violencia (LOPIVI<\/strong>) junto a la <strong>Orden de desarrollo de la misma en el \u00e1mbito del deporte de la Consejer\u00eda de Cultura y Deporte de la Junta de Andaluc\u00eda<\/strong>, por el que se aprueba el <strong>Protocolo Marco de actuaci\u00f3n para la protecci\u00f3n de las personas menores frente a la violencia en el Deporte.<\/strong><\/p><p>La<strong> LOPIVI<\/strong> es la<strong> Ley de protecci\u00f3n integral a la infancia y adolescencia frente a la violencia<\/strong>.<\/p><p><strong>Sus objetivos, en el \u00e1mbito del deporte y del ocio, son la prevenci\u00f3n, la detecci\u00f3n precoz y la intervenci\u00f3n en posibles situaciones de violencia sobre menores y el construir entornos seguros.<\/strong><\/p>\t\t\t\t\t\t\t\t<\/div>\n\t\t\t\t<\/div>\n\t\t\t\t\t<\/div>\n\t\t\t\t<\/div>\n\t\t<div class=\"elementor-element elementor-element-d2af315 e-flex e-con-boxed e-con e-parent\" data-id=\"d2af315\" data-element_type=\"container\">\n\t\t\t\t\t<div class=\"e-con-inner\">\n\t\t<div class=\"elementor-element elementor-element-ada7359 e-con-full e-flex e-con e-child\" data-id=\"ada7359\" data-element_type=\"container\">\n\t\t\t\t<div class=\"elementor-element elementor-element-91bc861 elementor-align-center sc_fly_static elementor-widget elementor-widget-button\" data-id=\"91bc861\" data-element_type=\"widget\" data-widget_type=\"button.default\">\n\t\t\t\t<div class=\"elementor-widget-container\">\n\t\t\t\t\t\t\t\t\t<div class=\"elementor-button-wrapper\">\n\t\t\t\t\t<a class=\"elementor-button elementor-button-link elementor-size-sm\" href=\"https:\/\/www.malagahockey1991.es\/ANEXO%20I%20Proteccion%20de%20Menores.pdf\" target=\"_blank\">\n\t\t\t\t\t\t<span class=\"elementor-button-content-wrapper\">\n\t\t\t\t\t\t<span class=\"elementor-button-icon\">\n\t\t\t\t<svg aria-hidden=\"true\" class=\"e-font-icon-svg e-fas-file-download\" viewBox=\"0 0 384 512\" xmlns=\"http:\/\/www.w3.org\/2000\/svg\"><path d=\"M224 136V0H24C10.7 0 0 10.7 0 24v464c0 13.3 10.7 24 24 24h336c13.3 0 24-10.7 24-24V160H248c-13.2 0-24-10.8-24-24zm76.45 211.36l-96.42 95.7c-6.65 6.61-17.39 6.61-24.04 0l-96.42-95.7C73.42 337.29 80.54 320 94.82 320H160v-80c0-8.84 7.16-16 16-16h32c8.84 0 16 7.16 16 16v80h65.18c14.28 0 21.4 17.29 11.27 27.36zM377 105L279.1 7c-4.5-4.5-10.6-7-17-7H256v128h128v-6.1c0-6.3-2.5-12.4-7-16.9z\"><\/path><\/svg>\t\t\t<\/span>\n\t\t\t\t\t\t\t\t\t<span class=\"elementor-button-text\">ANEXO I Protecci\u00f3n de Menores<\/span>\n\t\t\t\t\t<\/span>\n\t\t\t\t\t<\/a>\n\t\t\t\t<\/div>\n\t\t\t\t\t\t\t\t<\/div>\n\t\t\t\t<\/div>\n\t\t\t\t<\/div>\n\t\t<div class=\"elementor-element elementor-element-97f4f9d e-con-full e-flex e-con e-child\" data-id=\"97f4f9d\" data-element_type=\"container\">\n\t\t\t\t<div class=\"elementor-element elementor-element-fee9e4e elementor-align-center sc_fly_static elementor-widget elementor-widget-button\" data-id=\"fee9e4e\" data-element_type=\"widget\" data-widget_type=\"button.default\">\n\t\t\t\t<div class=\"elementor-widget-container\">\n\t\t\t\t\t\t\t\t\t<div class=\"elementor-button-wrapper\">\n\t\t\t\t\t<a class=\"elementor-button elementor-button-link elementor-size-sm\" href=\"https:\/\/www.malagahockey1991.es\/ANEXO%20II%20COMPROMISO%20FRENTE%20VIOLENCIA.pdf\" target=\"_blank\">\n\t\t\t\t\t\t<span class=\"elementor-button-content-wrapper\">\n\t\t\t\t\t\t<span class=\"elementor-button-icon\">\n\t\t\t\t<svg aria-hidden=\"true\" class=\"e-font-icon-svg e-fas-file-download\" viewBox=\"0 0 384 512\" xmlns=\"http:\/\/www.w3.org\/2000\/svg\"><path d=\"M224 136V0H24C10.7 0 0 10.7 0 24v464c0 13.3 10.7 24 24 24h336c13.3 0 24-10.7 24-24V160H248c-13.2 0-24-10.8-24-24zm76.45 211.36l-96.42 95.7c-6.65 6.61-17.39 6.61-24.04 0l-96.42-95.7C73.42 337.29 80.54 320 94.82 320H160v-80c0-8.84 7.16-16 16-16h32c8.84 0 16 7.16 16 16v80h65.18c14.28 0 21.4 17.29 11.27 27.36zM377 105L279.1 7c-4.5-4.5-10.6-7-17-7H256v128h128v-6.1c0-6.3-2.5-12.4-7-16.9z\"><\/path><\/svg>\t\t\t<\/span>\n\t\t\t\t\t\t\t\t\t<span class=\"elementor-button-text\">ANEXO II COMPROMISO FRENTE VIOLENCIA<\/span>\n\t\t\t\t\t<\/span>\n\t\t\t\t\t<\/a>\n\t\t\t\t<\/div>\n\t\t\t\t\t\t\t\t<\/div>\n\t\t\t\t<\/div>\n\t\t\t\t<\/div>\n\t\t\t\t\t<\/div>\n\t\t\t\t<\/div>\n\t\t\t\t<\/div>\n\t\t","protected":false},"excerpt":{"rendered":"<p>Programa Protecci\u00f3n al Menor Siguiendo la aplicaci\u00f3n de la L.O. 8\/2021, de 4 de Junio, de protecci\u00f3n integral a la infancia y la adolescencia frente a la violencia (LOPIVI) junto a la Orden de desarrollo de la misma en&hellip;<\/p>\n","protected":false},"author":990002,"featured_media":0,"parent":0,"menu_order":0,"comment_status":"closed","ping_status":"closed","template":"","meta":{"_price":"","_stock":"","_tribe_ticket_header":"","_tribe_default_ticket_provider":"","_tribe_ticket_capacity":"0","_ticket_start_date":"","_ticket_end_date":"","_tribe_ticket_show_description":"","_tribe_ticket_show_not_going":false,"_tribe_ticket_use_global_stock":"","_tribe_ticket_global_stock_level":"","_global_stock_mode":"","_global_stock_cap":"","_tribe_rsvp_for_event":"","_tribe_ticket_going_count":"","_tribe_ticket_not_going_count":"","_tribe_tickets_list":"[]","_tribe_ticket_has_attendee_info_fields":false,"footnotes":"","_tec_slr_enabled":"","_tec_slr_layout":""},"class_list":["post-5065","page","type-page","status-publish","hentry"],"ticketed":false,"_links":{"self":[{"href":"https:\/\/www.malagahockey1991.es\/index.php?rest_route=\/wp\/v2\/pages\/5065","targetHints":{"allow":["GET"]}}],"collection":[{"href":"https:\/\/www.malagahockey1991.es\/index.php?rest_route=\/wp\/v2\/pages"}],"about":[{"href":"https:\/\/www.malagahockey1991.es\/index.php?rest_route=\/wp\/v2\/types\/page"}],"author":[{"embeddable":true,"href":"https:\/\/www.malagahockey1991.es\/index.php?rest_route=\/wp\/v2\/users\/990002"}],"replies":[{"embeddable":true,"href":"https:\/\/www.malagahockey1991.es\/index.php?rest_route=%2Fwp%2Fv2%2Fcomments&post=5065"}],"version-history":[{"count":14,"href":"https:\/\/www.malagahockey1991.es\/index.php?rest_route=\/wp\/v2\/pages\/5065\/revisions"}],"predecessor-version":[{"id":5108,"href":"https:\/\/www.malagahockey1991.es\/index.php?rest_route=\/wp\/v2\/pages\/5065\/revisions\/5108"}],"wp:attachment":[{"href":"https:\/\/www.malagahockey1991.es\/index.php?rest_route=%2Fwp%2Fv2%2Fmedia&parent=5065"}],"curies":[{"name":"wp","href":"https:\/\/api.w.org\/{rel}","templated":true}]}}